{"id":264,"date":"2026-02-23T11:42:03","date_gmt":"2026-02-23T11:42:03","guid":{"rendered":"https:\/\/www.megaserenerji.com.tr\/?page_id=264"},"modified":"2026-04-01T12:00:50","modified_gmt":"2026-04-01T12:00:50","slug":"alcak-gerilim-urunler","status":"publish","type":"page","link":"https:\/\/www.megaserenerji.com.tr\/index.php\/alcak-gerilim-urunler\/","title":{"rendered":"Al\u00e7ak Gerilim \u00dcr\u00fcnler"},"content":{"rendered":"\t\t<div data-elementor-type=\"wp-page\" data-elementor-id=\"264\" class=\"elementor elementor-264\">\n\t\t\t\t<div class=\"elementor-element elementor-element-13afb642 e-flex e-con-boxed e-con e-parent\" data-id=\"13afb642\" data-element_type=\"container\" data-e-type=\"container\">\n\t\t\t\t\t<div class=\"e-con-inner\">\n\t\t<div class=\"elementor-element elementor-element-57348731 e-con-full e-flex e-con e-child\" data-id=\"57348731\" data-element_type=\"container\" data-e-type=\"container\">\n\t\t\t\t<div class=\"elementor-element elementor-element-6269bf2d elementor-widget elementor-widget-image\" data-id=\"6269bf2d\" data-element_type=\"widget\" data-e-type=\"widget\" data-widget_type=\"image.default\">\n\t\t\t\t\t\t\t\t\t\t\t\t\t\t\t<img fetchpriority=\"high\" decoding=\"async\" width=\"800\" height=\"534\" src=\"https:\/\/www.megaserenerji.com.tr\/wp-content\/uploads\/2026\/02\/alcak-gerilim-1024x683.jpg\" class=\"attachment-large size-large wp-image-104\" alt=\"\" srcset=\"https:\/\/www.megaserenerji.com.tr\/wp-content\/uploads\/2026\/02\/alcak-gerilim-1024x683.jpg 1024w, https:\/\/www.megaserenerji.com.tr\/wp-content\/uploads\/2026\/02\/alcak-gerilim-300x200.jpg 300w, https:\/\/www.megaserenerji.com.tr\/wp-content\/uploads\/2026\/02\/alcak-gerilim-768x512.jpg 768w, https:\/\/www.megaserenerji.com.tr\/wp-content\/uploads\/2026\/02\/alcak-gerilim-1536x1024.jpg 1536w, https:\/\/www.megaserenerji.com.tr\/wp-content\/uploads\/2026\/02\/alcak-gerilim.jpg 1920w\" sizes=\"(max-width: 800px) 100vw, 800px\" \/>\t\t\t\t\t\t\t\t\t\t\t\t\t\t\t<\/div>\n\t\t\t\t<\/div>\n\t\t<div class=\"elementor-element elementor-element-313bc23a e-con-full e-flex e-con e-child\" data-id=\"313bc23a\" data-element_type=\"container\" data-e-type=\"container\">\n\t\t\t\t<div class=\"elementor-element elementor-element-682611d9 elementor-widget elementor-widget-elementskit-heading\" data-id=\"682611d9\" data-element_type=\"widget\" data-e-type=\"widget\" data-widget_type=\"elementskit-heading.default\">\n\t\t\t\t\t<div class=\"ekit-wid-con\" ><div class=\"ekit-heading elementskit-section-title-wraper text_left   ekit_heading_tablet-   ekit_heading_mobile-\"><h2 class=\"ekit-heading--title elementskit-section-title \">AL\u00c7AK GER\u0130L\u0130M \u00dcR\u00dcNLER\u0130 <\/h2><h3 class=\"ekit-heading--subtitle elementskit-section-subtitle  \">\n\t\t\t\t\t\tMegaser Enerji olarak; elektrik enerjisinin g\u00fcvenli, verimli ve kesintisiz \u015fekilde da\u011f\u0131t\u0131lmas\u0131n\u0131 sa\u011flayan Al\u00e7ak Gerilim (AG) Da\u011f\u0131t\u0131m Panolar\u0131n\u0131n tasar\u0131m\u0131n\u0131, imalat\u0131n\u0131 ve uygulamas\u0131n\u0131 ulusal ve uluslararas\u0131 standartlara uygun olarak ger\u00e7ekle\u015ftirmekteyiz.  Al\u00e7ak gerilim sistemleri, 50\u20131000 Volt AC ve 75\u20131500 Volt DC aral\u0131\u011f\u0131nda \u00e7al\u0131\u015fan tesisatlar\u0131 kapsar. Bu sistemlerde elektrik enerjisi; \u00f6l\u00e7me, koruma, kontrol ve da\u011f\u0131t\u0131m fonksiyonlar\u0131yla g\u00fcvenli bi\u00e7imde son kullan\u0131c\u0131ya ula\u015ft\u0131r\u0131l\u0131r.  AG da\u011f\u0131t\u0131m panolar\u0131; trafo \u00e7\u0131k\u0131\u015f\u0131ndan al\u0131nan enerjinin, tesisin ihtiyac\u0131na g\u00f6re kW ve MW seviyelerinde y\u00fck gruplar\u0131na da\u011f\u0131t\u0131lmas\u0131n\u0131 sa\u011flar. Panolar, projeye ba\u011fl\u0131 olarak 10 kW\u2019tan ba\u015flayarak y\u00fczlerce kW hatta MW seviyelerine kadar g\u00fc\u00e7 ta\u015f\u0131yabilecek \u015fekilde tasarlan\u0131r.\n\t\t\t\t\t<\/h3>\t\t\t\t<div class='ekit-heading__description'>\n\t\t\t\t\t<h3>Teknik \u00d6zellikler ve Donan\u0131mlar<\/h3>\n<p>Al\u00e7ak gerilim panolar\u0131 i\u00e7erisinde;<\/p>\n<ul>\n<li>\n<p><strong>Ana ve tali devre kesiciler<\/strong><\/p>\n<\/li>\n<li>\n<p><strong>Ka\u00e7ak ak\u0131m r\u00f6leleri<\/strong><\/p>\n<\/li>\n<li>\n<p><strong>Otomatik sigortalar<\/strong><\/p>\n<\/li>\n<li>\n<p><strong>\u00d6l\u00e7\u00fcm cihazlar\u0131 (Volt, Amper, kW, kWh)<\/strong><\/p>\n<\/li>\n<li>\n<p><strong>Kontakt\u00f6r ve motor koruma \u015falterleri<\/strong><\/p>\n<\/li>\n<li>\n<p><strong>Kompanzasyon ve enerji izleme sistemleri<\/strong><\/p>\n<\/li>\n<\/ul>\n<p>Bu ekipmanlar sayesinde sistem, a\u015f\u0131r\u0131 ak\u0131m, k\u0131sa devre, faz dengesizli\u011fi ve ka\u00e7ak ak\u0131m gibi risklere kar\u015f\u0131 korunur.<\/p>\n\t\t\t\t<\/div>\n\t\t\t<\/div><\/div>\t\t\t\t<\/div>\n\t\t\t\t<\/div>\n\t\t\t\t\t<\/div>\n\t\t\t\t<\/div>\n\t\t\t\t<\/div>\n\t\t","protected":false},"excerpt":{"rendered":"<p>AL\u00c7AK GER\u0130L\u0130M \u00dcR\u00dcNLER\u0130 Megaser Enerji olarak; elektrik enerjisinin g\u00fcvenli, verimli ve kesintisiz \u015fekilde da\u011f\u0131t\u0131lmas\u0131n\u0131 sa\u011flayan Al\u00e7ak Gerilim (AG) Da\u011f\u0131t\u0131m Panolar\u0131n\u0131n tasar\u0131m\u0131n\u0131, imalat\u0131n\u0131 ve uygulamas\u0131n\u0131 ulusal ve uluslararas\u0131 standartlara uygun olarak ger\u00e7ekle\u015ftirmekteyiz. Al\u00e7ak gerilim sistemleri, 50\u20131000 Volt AC ve 75\u20131500 Volt DC aral\u0131\u011f\u0131nda \u00e7al\u0131\u015fan tesisatlar\u0131 kapsar. Bu sistemlerde elektrik enerjisi; \u00f6l\u00e7me, koruma, kontrol ve da\u011f\u0131t\u0131m fonksiyonlar\u0131yla [&hellip;]<\/p>\n","protected":false},"author":1,"featured_media":0,"parent":0,"menu_order":0,"comment_status":"closed","ping_status":"closed","template":"","meta":{"_joinchat":[],"footnotes":""},"class_list":["post-264","page","type-page","status-publish","hentry"],"_links":{"self":[{"href":"https:\/\/www.megaserenerji.com.tr\/index.php\/wp-json\/wp\/v2\/pages\/264","targetHints":{"allow":["GET"]}}],"collection":[{"href":"https:\/\/www.megaserenerji.com.tr\/index.php\/wp-json\/wp\/v2\/pages"}],"about":[{"href":"https:\/\/www.megaserenerji.com.tr\/index.php\/wp-json\/wp\/v2\/types\/page"}],"author":[{"embeddable":true,"href":"https:\/\/www.megaserenerji.com.tr\/index.php\/wp-json\/wp\/v2\/users\/1"}],"replies":[{"embeddable":true,"href":"https:\/\/www.megaserenerji.com.tr\/index.php\/wp-json\/wp\/v2\/comments?post=264"}],"version-history":[{"count":10,"href":"https:\/\/www.megaserenerji.com.tr\/index.php\/wp-json\/wp\/v2\/pages\/264\/revisions"}],"predecessor-version":[{"id":688,"href":"https:\/\/www.megaserenerji.com.tr\/index.php\/wp-json\/wp\/v2\/pages\/264\/revisions\/688"}],"wp:attachment":[{"href":"https:\/\/www.megaserenerji.com.tr\/index.php\/wp-json\/wp\/v2\/media?parent=264"}],"curies":[{"name":"wp","href":"https:\/\/api.w.org\/{rel}","templated":true}]}}