{"id":440,"date":"2026-03-02T14:26:48","date_gmt":"2026-03-02T14:26:48","guid":{"rendered":"https:\/\/www.megaserenerji.com.tr\/?page_id=440"},"modified":"2026-04-01T12:07:33","modified_gmt":"2026-04-01T12:07:33","slug":"ihracatlarimiz","status":"publish","type":"page","link":"https:\/\/www.megaserenerji.com.tr\/index.php\/ihracatlarimiz\/","title":{"rendered":"\u0130hracatlar\u0131m\u0131z"},"content":{"rendered":"\t\t<div data-elementor-type=\"wp-page\" data-elementor-id=\"440\" class=\"elementor elementor-440\">\n\t\t\t\t<div class=\"elementor-element elementor-element-ee9e13d e-flex e-con-boxed e-con e-parent\" data-id=\"ee9e13d\" data-element_type=\"container\" data-e-type=\"container\">\n\t\t\t\t\t<div class=\"e-con-inner\">\n\t\t\t\t<div class=\"elementor-element elementor-element-dccb5a3 e-n-tabs-mobile elementor-widget elementor-widget-n-tabs\" data-id=\"dccb5a3\" data-element_type=\"widget\" data-e-type=\"widget\" data-settings=\"{&quot;horizontal_scroll&quot;:&quot;disable&quot;}\" data-widget_type=\"nested-tabs.default\">\n\t\t\t\t\t\t\t<div class=\"e-n-tabs\" data-widget-number=\"231519651\" aria-label=\"Sekmeler. Enter ve Space ile \u00f6geleri a\u00e7abilir, Escape ile \u00f6geleri kapatabilir ve Y\u00f6n tu\u015flar\u0131 ile \u00f6geler aras\u0131nda gezinebilirsiniz.\">\n\t\t\t<div class=\"e-n-tabs-heading\" role=\"tablist\">\n\t\t\t\t\t<button id=\"e-n-tab-title-2315196511\" data-tab-title-id=\"e-n-tab-title-2315196511\" class=\"e-n-tab-title\" aria-selected=\"true\" data-tab-index=\"1\" role=\"tab\" tabindex=\"0\" aria-controls=\"e-n-tab-content-2315196511\" style=\"--n-tabs-title-order: 1;\">\n\t\t\t\t\t\t<span class=\"e-n-tab-title-text\">\n\t\t\t\tALMANYA\t\t\t<\/span>\n\t\t<\/button>\n\t\t\t\t<button id=\"e-n-tab-title-2315196512\" data-tab-title-id=\"e-n-tab-title-2315196512\" class=\"e-n-tab-title\" aria-selected=\"false\" data-tab-index=\"2\" role=\"tab\" tabindex=\"-1\" aria-controls=\"e-n-tab-content-2315196512\" style=\"--n-tabs-title-order: 2;\">\n\t\t\t\t\t\t<span class=\"e-n-tab-title-text\">\n\t\t\t\tT\u00dcRKMEN\u0130STAN\t\t\t<\/span>\n\t\t<\/button>\n\t\t\t\t<button id=\"e-n-tab-title-2315196513\" data-tab-title-id=\"e-n-tab-title-2315196513\" class=\"e-n-tab-title\" aria-selected=\"false\" data-tab-index=\"3\" role=\"tab\" tabindex=\"-1\" aria-controls=\"e-n-tab-content-2315196513\" style=\"--n-tabs-title-order: 3;\">\n\t\t\t\t\t\t<span class=\"e-n-tab-title-text\">\n\t\t\t\tKATAR\t\t\t<\/span>\n\t\t<\/button>\n\t\t\t\t\t<\/div>\n\t\t\t<div class=\"e-n-tabs-content\">\n\t\t\t\t<div id=\"e-n-tab-content-2315196511\" role=\"tabpanel\" aria-labelledby=\"e-n-tab-title-2315196511\" data-tab-index=\"1\" style=\"--n-tabs-title-order: 1;\" class=\"e-active elementor-element elementor-element-3355435 e-con-full e-flex e-con e-child\" data-id=\"3355435\" data-element_type=\"container\" data-e-type=\"container\">\n\t\t<div class=\"elementor-element elementor-element-6015b2b e-con-full e-flex e-con e-child\" data-id=\"6015b2b\" data-element_type=\"container\" data-e-type=\"container\">\n\t\t\t\t<div class=\"elementor-element elementor-element-3c45ae6 elementor-widget elementor-widget-image\" data-id=\"3c45ae6\" data-element_type=\"widget\" data-e-type=\"widget\" data-widget_type=\"image.default\">\n\t\t\t\t\t\t\t\t\t\t\t\t\t\t\t<img fetchpriority=\"high\" decoding=\"async\" width=\"800\" height=\"600\" src=\"https:\/\/www.megaserenerji.com.tr\/wp-content\/uploads\/2026\/03\/WhatsApp-Image-2026-03-26-at-19.03.53-1024x768.jpeg\" class=\"attachment-large size-large wp-image-482\" alt=\"\" srcset=\"https:\/\/www.megaserenerji.com.tr\/wp-content\/uploads\/2026\/03\/WhatsApp-Image-2026-03-26-at-19.03.53-1024x768.jpeg 1024w, https:\/\/www.megaserenerji.com.tr\/wp-content\/uploads\/2026\/03\/WhatsApp-Image-2026-03-26-at-19.03.53-300x225.jpeg 300w, https:\/\/www.megaserenerji.com.tr\/wp-content\/uploads\/2026\/03\/WhatsApp-Image-2026-03-26-at-19.03.53-768x576.jpeg 768w, https:\/\/www.megaserenerji.com.tr\/wp-content\/uploads\/2026\/03\/WhatsApp-Image-2026-03-26-at-19.03.53-1536x1152.jpeg 1536w, https:\/\/www.megaserenerji.com.tr\/wp-content\/uploads\/2026\/03\/WhatsApp-Image-2026-03-26-at-19.03.53.jpeg 1984w\" sizes=\"(max-width: 800px) 100vw, 800px\" \/>\t\t\t\t\t\t\t\t\t\t\t\t\t\t\t<\/div>\n\t\t\t\t<\/div>\n\t\t<div class=\"elementor-element elementor-element-0f94698 e-con-full e-flex e-con e-child\" data-id=\"0f94698\" data-element_type=\"container\" data-e-type=\"container\">\n\t\t\t\t<div class=\"elementor-element elementor-element-79b1d4f elementor-widget elementor-widget-image\" data-id=\"79b1d4f\" data-element_type=\"widget\" data-e-type=\"widget\" data-widget_type=\"image.default\">\n\t\t\t\t\t\t\t\t\t\t\t\t\t\t\t<img decoding=\"async\" width=\"800\" height=\"600\" src=\"https:\/\/www.megaserenerji.com.tr\/wp-content\/uploads\/2026\/03\/WhatsApp-Image-2026-03-26-at-19.03.53-1-1024x768.jpeg\" class=\"attachment-large size-large wp-image-481\" alt=\"\" srcset=\"https:\/\/www.megaserenerji.com.tr\/wp-content\/uploads\/2026\/03\/WhatsApp-Image-2026-03-26-at-19.03.53-1-1024x768.jpeg 1024w, https:\/\/www.megaserenerji.com.tr\/wp-content\/uploads\/2026\/03\/WhatsApp-Image-2026-03-26-at-19.03.53-1-300x225.jpeg 300w, https:\/\/www.megaserenerji.com.tr\/wp-content\/uploads\/2026\/03\/WhatsApp-Image-2026-03-26-at-19.03.53-1-768x576.jpeg 768w, https:\/\/www.megaserenerji.com.tr\/wp-content\/uploads\/2026\/03\/WhatsApp-Image-2026-03-26-at-19.03.53-1-1536x1152.jpeg 1536w, https:\/\/www.megaserenerji.com.tr\/wp-content\/uploads\/2026\/03\/WhatsApp-Image-2026-03-26-at-19.03.53-1.jpeg 1984w\" sizes=\"(max-width: 800px) 100vw, 800px\" \/>\t\t\t\t\t\t\t\t\t\t\t\t\t\t\t<\/div>\n\t\t\t\t<\/div>\n\t\t<div class=\"elementor-element elementor-element-847c17d e-con-full e-flex e-con e-child\" data-id=\"847c17d\" data-element_type=\"container\" data-e-type=\"container\">\n\t\t\t\t<div class=\"elementor-element elementor-element-104a05d elementor-widget elementor-widget-image\" data-id=\"104a05d\" data-element_type=\"widget\" data-e-type=\"widget\" data-widget_type=\"image.default\">\n\t\t\t\t\t\t\t\t\t\t\t\t\t\t\t<img decoding=\"async\" width=\"800\" height=\"600\" src=\"https:\/\/www.megaserenerji.com.tr\/wp-content\/uploads\/2026\/03\/WhatsApp-Image-2026-03-26-at-19.03.53-3-1024x768.jpeg\" class=\"attachment-large size-large wp-image-480\" alt=\"\" srcset=\"https:\/\/www.megaserenerji.com.tr\/wp-content\/uploads\/2026\/03\/WhatsApp-Image-2026-03-26-at-19.03.53-3-1024x768.jpeg 1024w, https:\/\/www.megaserenerji.com.tr\/wp-content\/uploads\/2026\/03\/WhatsApp-Image-2026-03-26-at-19.03.53-3-300x225.jpeg 300w, https:\/\/www.megaserenerji.com.tr\/wp-content\/uploads\/2026\/03\/WhatsApp-Image-2026-03-26-at-19.03.53-3-768x576.jpeg 768w, https:\/\/www.megaserenerji.com.tr\/wp-content\/uploads\/2026\/03\/WhatsApp-Image-2026-03-26-at-19.03.53-3-1536x1152.jpeg 1536w, https:\/\/www.megaserenerji.com.tr\/wp-content\/uploads\/2026\/03\/WhatsApp-Image-2026-03-26-at-19.03.53-3.jpeg 1984w\" sizes=\"(max-width: 800px) 100vw, 800px\" \/>\t\t\t\t\t\t\t\t\t\t\t\t\t\t\t<\/div>\n\t\t\t\t<\/div>\n\t\t<div class=\"elementor-element elementor-element-4afc978 e-con-full e-flex e-con e-child\" data-id=\"4afc978\" data-element_type=\"container\" data-e-type=\"container\">\n\t\t\t\t<div class=\"elementor-element elementor-element-0c53bfc elementor-widget elementor-widget-image\" data-id=\"0c53bfc\" data-element_type=\"widget\" data-e-type=\"widget\" data-widget_type=\"image.default\">\n\t\t\t\t\t\t\t\t\t\t\t\t\t\t\t<img loading=\"lazy\" decoding=\"async\" width=\"800\" height=\"600\" src=\"https:\/\/www.megaserenerji.com.tr\/wp-content\/uploads\/2026\/03\/WhatsApp-Image-2026-03-26-at-19.03.53-4-1024x768.jpeg\" class=\"attachment-large size-large wp-image-479\" alt=\"\" srcset=\"https:\/\/www.megaserenerji.com.tr\/wp-content\/uploads\/2026\/03\/WhatsApp-Image-2026-03-26-at-19.03.53-4-1024x768.jpeg 1024w, https:\/\/www.megaserenerji.com.tr\/wp-content\/uploads\/2026\/03\/WhatsApp-Image-2026-03-26-at-19.03.53-4-300x225.jpeg 300w, https:\/\/www.megaserenerji.com.tr\/wp-content\/uploads\/2026\/03\/WhatsApp-Image-2026-03-26-at-19.03.53-4-768x576.jpeg 768w, https:\/\/www.megaserenerji.com.tr\/wp-content\/uploads\/2026\/03\/WhatsApp-Image-2026-03-26-at-19.03.53-4-1536x1152.jpeg 1536w, https:\/\/www.megaserenerji.com.tr\/wp-content\/uploads\/2026\/03\/WhatsApp-Image-2026-03-26-at-19.03.53-4.jpeg 1984w\" sizes=\"(max-width: 800px) 100vw, 800px\" \/>\t\t\t\t\t\t\t\t\t\t\t\t\t\t\t<\/div>\n\t\t\t\t<\/div>\n\t\t\t\t<\/div>\n\t\t<div id=\"e-n-tab-content-2315196512\" role=\"tabpanel\" aria-labelledby=\"e-n-tab-title-2315196512\" data-tab-index=\"2\" style=\"--n-tabs-title-order: 2;\" class=\" elementor-element elementor-element-4021d95 e-con-full e-flex e-con e-child\" data-id=\"4021d95\" data-element_type=\"container\" data-e-type=\"container\">\n\t\t<div class=\"elementor-element elementor-element-d4da4f2 e-con-full e-flex e-con e-child\" data-id=\"d4da4f2\" data-element_type=\"container\" data-e-type=\"container\">\n\t\t\t\t<div class=\"elementor-element elementor-element-6f0a4b8 elementor-widget elementor-widget-image\" data-id=\"6f0a4b8\" data-element_type=\"widget\" data-e-type=\"widget\" data-widget_type=\"image.default\">\n\t\t\t\t\t\t\t\t\t\t\t\t\t\t\t<img loading=\"lazy\" decoding=\"async\" width=\"800\" height=\"360\" src=\"https:\/\/www.megaserenerji.com.tr\/wp-content\/uploads\/2026\/03\/WhatsApp-Image-2026-03-26-at-19.02.32-1024x461.jpeg\" class=\"attachment-large size-large wp-image-489\" alt=\"\" srcset=\"https:\/\/www.megaserenerji.com.tr\/wp-content\/uploads\/2026\/03\/WhatsApp-Image-2026-03-26-at-19.02.32-1024x461.jpeg 1024w, https:\/\/www.megaserenerji.com.tr\/wp-content\/uploads\/2026\/03\/WhatsApp-Image-2026-03-26-at-19.02.32-300x135.jpeg 300w, https:\/\/www.megaserenerji.com.tr\/wp-content\/uploads\/2026\/03\/WhatsApp-Image-2026-03-26-at-19.02.32-768x345.jpeg 768w, https:\/\/www.megaserenerji.com.tr\/wp-content\/uploads\/2026\/03\/WhatsApp-Image-2026-03-26-at-19.02.32-1536x691.jpeg 1536w, https:\/\/www.megaserenerji.com.tr\/wp-content\/uploads\/2026\/03\/WhatsApp-Image-2026-03-26-at-19.02.32.jpeg 2048w\" sizes=\"(max-width: 800px) 100vw, 800px\" \/>\t\t\t\t\t\t\t\t\t\t\t\t\t\t\t<\/div>\n\t\t\t\t<div class=\"elementor-element elementor-element-af5394b elementor-widget elementor-widget-image\" data-id=\"af5394b\" data-element_type=\"widget\" data-e-type=\"widget\" data-widget_type=\"image.default\">\n\t\t\t\t\t\t\t\t\t\t\t\t\t\t\t<img loading=\"lazy\" decoding=\"async\" width=\"800\" height=\"360\" src=\"https:\/\/www.megaserenerji.com.tr\/wp-content\/uploads\/2026\/03\/WhatsApp-Image-2026-03-26-at-19.02.32-2-1024x461.jpeg\" class=\"attachment-large size-large wp-image-487\" alt=\"\" srcset=\"https:\/\/www.megaserenerji.com.tr\/wp-content\/uploads\/2026\/03\/WhatsApp-Image-2026-03-26-at-19.02.32-2-1024x461.jpeg 1024w, https:\/\/www.megaserenerji.com.tr\/wp-content\/uploads\/2026\/03\/WhatsApp-Image-2026-03-26-at-19.02.32-2-300x135.jpeg 300w, https:\/\/www.megaserenerji.com.tr\/wp-content\/uploads\/2026\/03\/WhatsApp-Image-2026-03-26-at-19.02.32-2-768x345.jpeg 768w, https:\/\/www.megaserenerji.com.tr\/wp-content\/uploads\/2026\/03\/WhatsApp-Image-2026-03-26-at-19.02.32-2-1536x691.jpeg 1536w, https:\/\/www.megaserenerji.com.tr\/wp-content\/uploads\/2026\/03\/WhatsApp-Image-2026-03-26-at-19.02.32-2.jpeg 2048w\" sizes=\"(max-width: 800px) 100vw, 800px\" \/>\t\t\t\t\t\t\t\t\t\t\t\t\t\t\t<\/div>\n\t\t\t\t<div class=\"elementor-element elementor-element-f0b83bc elementor-widget elementor-widget-image\" data-id=\"f0b83bc\" data-element_type=\"widget\" data-e-type=\"widget\" data-widget_type=\"image.default\">\n\t\t\t\t\t\t\t\t\t\t\t\t\t\t\t<img loading=\"lazy\" decoding=\"async\" width=\"800\" height=\"360\" src=\"https:\/\/www.megaserenerji.com.tr\/wp-content\/uploads\/2026\/03\/WhatsApp-Image-2026-03-26-at-19.02.32-3-1024x461.jpeg\" class=\"attachment-large size-large wp-image-486\" alt=\"\" srcset=\"https:\/\/www.megaserenerji.com.tr\/wp-content\/uploads\/2026\/03\/WhatsApp-Image-2026-03-26-at-19.02.32-3-1024x461.jpeg 1024w, https:\/\/www.megaserenerji.com.tr\/wp-content\/uploads\/2026\/03\/WhatsApp-Image-2026-03-26-at-19.02.32-3-300x135.jpeg 300w, https:\/\/www.megaserenerji.com.tr\/wp-content\/uploads\/2026\/03\/WhatsApp-Image-2026-03-26-at-19.02.32-3-768x345.jpeg 768w, https:\/\/www.megaserenerji.com.tr\/wp-content\/uploads\/2026\/03\/WhatsApp-Image-2026-03-26-at-19.02.32-3-1536x691.jpeg 1536w, https:\/\/www.megaserenerji.com.tr\/wp-content\/uploads\/2026\/03\/WhatsApp-Image-2026-03-26-at-19.02.32-3.jpeg 2048w\" sizes=\"(max-width: 800px) 100vw, 800px\" \/>\t\t\t\t\t\t\t\t\t\t\t\t\t\t\t<\/div>\n\t\t\t\t<\/div>\n\t\t<div class=\"elementor-element elementor-element-c20783c e-con-full e-flex e-con e-child\" data-id=\"c20783c\" data-element_type=\"container\" data-e-type=\"container\">\n\t\t\t\t<div class=\"elementor-element elementor-element-83e459f elementor-widget elementor-widget-image\" data-id=\"83e459f\" data-element_type=\"widget\" data-e-type=\"widget\" data-widget_type=\"image.default\">\n\t\t\t\t\t\t\t\t\t\t\t\t\t\t\t<img loading=\"lazy\" decoding=\"async\" width=\"800\" height=\"360\" src=\"https:\/\/www.megaserenerji.com.tr\/wp-content\/uploads\/2026\/03\/WhatsApp-Image-2026-03-26-at-19.02.32-1-1024x461.jpeg\" class=\"attachment-large size-large wp-image-488\" alt=\"\" srcset=\"https:\/\/www.megaserenerji.com.tr\/wp-content\/uploads\/2026\/03\/WhatsApp-Image-2026-03-26-at-19.02.32-1-1024x461.jpeg 1024w, https:\/\/www.megaserenerji.com.tr\/wp-content\/uploads\/2026\/03\/WhatsApp-Image-2026-03-26-at-19.02.32-1-300x135.jpeg 300w, https:\/\/www.megaserenerji.com.tr\/wp-content\/uploads\/2026\/03\/WhatsApp-Image-2026-03-26-at-19.02.32-1-768x345.jpeg 768w, https:\/\/www.megaserenerji.com.tr\/wp-content\/uploads\/2026\/03\/WhatsApp-Image-2026-03-26-at-19.02.32-1-1536x691.jpeg 1536w, https:\/\/www.megaserenerji.com.tr\/wp-content\/uploads\/2026\/03\/WhatsApp-Image-2026-03-26-at-19.02.32-1.jpeg 2048w\" sizes=\"(max-width: 800px) 100vw, 800px\" \/>\t\t\t\t\t\t\t\t\t\t\t\t\t\t\t<\/div>\n\t\t\t\t<div class=\"elementor-element elementor-element-e3bd6c1 elementor-widget elementor-widget-image\" data-id=\"e3bd6c1\" data-element_type=\"widget\" data-e-type=\"widget\" data-widget_type=\"image.default\">\n\t\t\t\t\t\t\t\t\t\t\t\t\t\t\t<img loading=\"lazy\" decoding=\"async\" width=\"800\" height=\"360\" src=\"https:\/\/www.megaserenerji.com.tr\/wp-content\/uploads\/2026\/03\/WhatsApp-Image-2026-03-26-at-19.02.32-3-1024x461.jpeg\" class=\"attachment-large size-large wp-image-486\" alt=\"\" srcset=\"https:\/\/www.megaserenerji.com.tr\/wp-content\/uploads\/2026\/03\/WhatsApp-Image-2026-03-26-at-19.02.32-3-1024x461.jpeg 1024w, https:\/\/www.megaserenerji.com.tr\/wp-content\/uploads\/2026\/03\/WhatsApp-Image-2026-03-26-at-19.02.32-3-300x135.jpeg 300w, https:\/\/www.megaserenerji.com.tr\/wp-content\/uploads\/2026\/03\/WhatsApp-Image-2026-03-26-at-19.02.32-3-768x345.jpeg 768w, https:\/\/www.megaserenerji.com.tr\/wp-content\/uploads\/2026\/03\/WhatsApp-Image-2026-03-26-at-19.02.32-3-1536x691.jpeg 1536w, https:\/\/www.megaserenerji.com.tr\/wp-content\/uploads\/2026\/03\/WhatsApp-Image-2026-03-26-at-19.02.32-3.jpeg 2048w\" sizes=\"(max-width: 800px) 100vw, 800px\" \/>\t\t\t\t\t\t\t\t\t\t\t\t\t\t\t<\/div>\n\t\t\t\t<div class=\"elementor-element elementor-element-0baf6f3 elementor-widget elementor-widget-image\" data-id=\"0baf6f3\" data-element_type=\"widget\" data-e-type=\"widget\" data-widget_type=\"image.default\">\n\t\t\t\t\t\t\t\t\t\t\t\t\t\t\t<img loading=\"lazy\" decoding=\"async\" width=\"800\" height=\"360\" src=\"https:\/\/www.megaserenerji.com.tr\/wp-content\/uploads\/2026\/03\/WhatsApp-Image-2026-03-26-at-19.02.33-1-1024x461.jpeg\" class=\"attachment-large size-large wp-image-484\" alt=\"\" srcset=\"https:\/\/www.megaserenerji.com.tr\/wp-content\/uploads\/2026\/03\/WhatsApp-Image-2026-03-26-at-19.02.33-1-1024x461.jpeg 1024w, https:\/\/www.megaserenerji.com.tr\/wp-content\/uploads\/2026\/03\/WhatsApp-Image-2026-03-26-at-19.02.33-1-300x135.jpeg 300w, https:\/\/www.megaserenerji.com.tr\/wp-content\/uploads\/2026\/03\/WhatsApp-Image-2026-03-26-at-19.02.33-1-768x345.jpeg 768w, https:\/\/www.megaserenerji.com.tr\/wp-content\/uploads\/2026\/03\/WhatsApp-Image-2026-03-26-at-19.02.33-1-1536x691.jpeg 1536w, https:\/\/www.megaserenerji.com.tr\/wp-content\/uploads\/2026\/03\/WhatsApp-Image-2026-03-26-at-19.02.33-1.jpeg 2048w\" sizes=\"(max-width: 800px) 100vw, 800px\" \/>\t\t\t\t\t\t\t\t\t\t\t\t\t\t\t<\/div>\n\t\t\t\t<\/div>\n\t\t\t\t<\/div>\n\t\t<div id=\"e-n-tab-content-2315196513\" role=\"tabpanel\" aria-labelledby=\"e-n-tab-title-2315196513\" data-tab-index=\"3\" style=\"--n-tabs-title-order: 3;\" class=\" elementor-element elementor-element-3ecfe29 e-con-full e-flex e-con e-child\" data-id=\"3ecfe29\" data-element_type=\"container\" data-e-type=\"container\">\n\t\t<div class=\"elementor-element elementor-element-377e382 e-con-full e-flex e-con e-child\" data-id=\"377e382\" data-element_type=\"container\" data-e-type=\"container\">\n\t\t\t\t<div class=\"elementor-element elementor-element-33881f3 elementor-widget elementor-widget-image\" data-id=\"33881f3\" data-element_type=\"widget\" data-e-type=\"widget\" data-widget_type=\"image.default\">\n\t\t\t\t\t\t\t\t\t\t\t\t\t\t\t<img loading=\"lazy\" decoding=\"async\" width=\"768\" height=\"1024\" src=\"https:\/\/www.megaserenerji.com.tr\/wp-content\/uploads\/2026\/03\/WhatsApp-Image-2026-03-02-at-12.10.47-768x1024.jpeg\" class=\"attachment-large size-large wp-image-494\" alt=\"\" srcset=\"https:\/\/www.megaserenerji.com.tr\/wp-content\/uploads\/2026\/03\/WhatsApp-Image-2026-03-02-at-12.10.47-768x1024.jpeg 768w, https:\/\/www.megaserenerji.com.tr\/wp-content\/uploads\/2026\/03\/WhatsApp-Image-2026-03-02-at-12.10.47-225x300.jpeg 225w, https:\/\/www.megaserenerji.com.tr\/wp-content\/uploads\/2026\/03\/WhatsApp-Image-2026-03-02-at-12.10.47-1152x1536.jpeg 1152w, https:\/\/www.megaserenerji.com.tr\/wp-content\/uploads\/2026\/03\/WhatsApp-Image-2026-03-02-at-12.10.47.jpeg 1488w\" sizes=\"(max-width: 768px) 100vw, 768px\" \/>\t\t\t\t\t\t\t\t\t\t\t\t\t\t\t<\/div>\n\t\t\t\t<div class=\"elementor-element elementor-element-28e6c72 elementor-widget elementor-widget-image\" data-id=\"28e6c72\" data-element_type=\"widget\" data-e-type=\"widget\" data-widget_type=\"image.default\">\n\t\t\t\t\t\t\t\t\t\t\t\t\t\t\t<img loading=\"lazy\" decoding=\"async\" width=\"800\" height=\"600\" src=\"https:\/\/www.megaserenerji.com.tr\/wp-content\/uploads\/2026\/03\/WhatsApp-Image-2026-03-02-at-12.10.47-3-1024x768.jpeg\" class=\"attachment-large size-large wp-image-500\" alt=\"\" srcset=\"https:\/\/www.megaserenerji.com.tr\/wp-content\/uploads\/2026\/03\/WhatsApp-Image-2026-03-02-at-12.10.47-3-1024x768.jpeg 1024w, https:\/\/www.megaserenerji.com.tr\/wp-content\/uploads\/2026\/03\/WhatsApp-Image-2026-03-02-at-12.10.47-3-300x225.jpeg 300w, https:\/\/www.megaserenerji.com.tr\/wp-content\/uploads\/2026\/03\/WhatsApp-Image-2026-03-02-at-12.10.47-3-768x576.jpeg 768w, https:\/\/www.megaserenerji.com.tr\/wp-content\/uploads\/2026\/03\/WhatsApp-Image-2026-03-02-at-12.10.47-3-1536x1152.jpeg 1536w, https:\/\/www.megaserenerji.com.tr\/wp-content\/uploads\/2026\/03\/WhatsApp-Image-2026-03-02-at-12.10.47-3.jpeg 1984w\" sizes=\"(max-width: 800px) 100vw, 800px\" \/>\t\t\t\t\t\t\t\t\t\t\t\t\t\t\t<\/div>\n\t\t\t\t<\/div>\n\t\t<div class=\"elementor-element elementor-element-ee77b15 e-con-full e-flex e-con e-child\" data-id=\"ee77b15\" data-element_type=\"container\" data-e-type=\"container\">\n\t\t\t\t<div class=\"elementor-element elementor-element-5197e5d elementor-widget elementor-widget-image\" data-id=\"5197e5d\" data-element_type=\"widget\" data-e-type=\"widget\" data-widget_type=\"image.default\">\n\t\t\t\t\t\t\t\t\t\t\t\t\t\t\t<img loading=\"lazy\" decoding=\"async\" width=\"768\" height=\"1024\" src=\"https:\/\/www.megaserenerji.com.tr\/wp-content\/uploads\/2026\/03\/WhatsApp-Image-2026-03-02-at-12.10.46-768x1024.jpeg\" class=\"attachment-large size-large wp-image-497\" alt=\"\" srcset=\"https:\/\/www.megaserenerji.com.tr\/wp-content\/uploads\/2026\/03\/WhatsApp-Image-2026-03-02-at-12.10.46-768x1024.jpeg 768w, https:\/\/www.megaserenerji.com.tr\/wp-content\/uploads\/2026\/03\/WhatsApp-Image-2026-03-02-at-12.10.46-225x300.jpeg 225w, https:\/\/www.megaserenerji.com.tr\/wp-content\/uploads\/2026\/03\/WhatsApp-Image-2026-03-02-at-12.10.46-1152x1536.jpeg 1152w, https:\/\/www.megaserenerji.com.tr\/wp-content\/uploads\/2026\/03\/WhatsApp-Image-2026-03-02-at-12.10.46.jpeg 1488w\" sizes=\"(max-width: 768px) 100vw, 768px\" \/>\t\t\t\t\t\t\t\t\t\t\t\t\t\t\t<\/div>\n\t\t\t\t<div class=\"elementor-element elementor-element-63d266e elementor-widget elementor-widget-image\" data-id=\"63d266e\" data-element_type=\"widget\" data-e-type=\"widget\" data-widget_type=\"image.default\">\n\t\t\t\t\t\t\t\t\t\t\t\t\t\t\t<img loading=\"lazy\" decoding=\"async\" width=\"800\" height=\"600\" src=\"https:\/\/www.megaserenerji.com.tr\/wp-content\/uploads\/2026\/03\/WhatsApp-Image-2026-03-02-at-12.10.47-1-1024x768.jpeg\" class=\"attachment-large size-large wp-image-501\" alt=\"\" srcset=\"https:\/\/www.megaserenerji.com.tr\/wp-content\/uploads\/2026\/03\/WhatsApp-Image-2026-03-02-at-12.10.47-1-1024x768.jpeg 1024w, https:\/\/www.megaserenerji.com.tr\/wp-content\/uploads\/2026\/03\/WhatsApp-Image-2026-03-02-at-12.10.47-1-300x225.jpeg 300w, https:\/\/www.megaserenerji.com.tr\/wp-content\/uploads\/2026\/03\/WhatsApp-Image-2026-03-02-at-12.10.47-1-768x576.jpeg 768w, https:\/\/www.megaserenerji.com.tr\/wp-content\/uploads\/2026\/03\/WhatsApp-Image-2026-03-02-at-12.10.47-1-1536x1152.jpeg 1536w, https:\/\/www.megaserenerji.com.tr\/wp-content\/uploads\/2026\/03\/WhatsApp-Image-2026-03-02-at-12.10.47-1.jpeg 1984w\" sizes=\"(max-width: 800px) 100vw, 800px\" \/>\t\t\t\t\t\t\t\t\t\t\t\t\t\t\t<\/div>\n\t\t\t\t<\/div>\n\t\t<div class=\"elementor-element elementor-element-c20ad43 e-con-full e-flex e-con e-child\" data-id=\"c20ad43\" data-element_type=\"container\" data-e-type=\"container\">\n\t\t\t\t<div class=\"elementor-element elementor-element-5266a86 elementor-widget elementor-widget-image\" data-id=\"5266a86\" data-element_type=\"widget\" data-e-type=\"widget\" data-widget_type=\"image.default\">\n\t\t\t\t\t\t\t\t\t\t\t\t\t\t\t<img loading=\"lazy\" decoding=\"async\" width=\"794\" height=\"852\" src=\"https:\/\/www.megaserenerji.com.tr\/wp-content\/uploads\/2026\/03\/KATAR.jpg\" class=\"attachment-large size-large wp-image-498\" alt=\"\" srcset=\"https:\/\/www.megaserenerji.com.tr\/wp-content\/uploads\/2026\/03\/KATAR.jpg 794w, https:\/\/www.megaserenerji.com.tr\/wp-content\/uploads\/2026\/03\/KATAR-280x300.jpg 280w, https:\/\/www.megaserenerji.com.tr\/wp-content\/uploads\/2026\/03\/KATAR-768x824.jpg 768w\" sizes=\"(max-width: 794px) 100vw, 794px\" \/>\t\t\t\t\t\t\t\t\t\t\t\t\t\t\t<\/div>\n\t\t\t\t<\/div>\n\t\t<div class=\"elementor-element elementor-element-fcc5bba e-con-full e-flex e-con e-child\" data-id=\"fcc5bba\" data-element_type=\"container\" data-e-type=\"container\">\n\t\t\t\t<div class=\"elementor-element elementor-element-6974575 elementor-widget elementor-widget-image\" data-id=\"6974575\" data-element_type=\"widget\" data-e-type=\"widget\" data-widget_type=\"image.default\">\n\t\t\t\t\t\t\t\t\t\t\t\t\t\t\t<img loading=\"lazy\" decoding=\"async\" width=\"800\" height=\"473\" src=\"https:\/\/www.megaserenerji.com.tr\/wp-content\/uploads\/2026\/03\/DOHA-1024x605.jpg\" class=\"attachment-large size-large wp-image-499\" alt=\"\" srcset=\"https:\/\/www.megaserenerji.com.tr\/wp-content\/uploads\/2026\/03\/DOHA-1024x605.jpg 1024w, https:\/\/www.megaserenerji.com.tr\/wp-content\/uploads\/2026\/03\/DOHA-300x177.jpg 300w, https:\/\/www.megaserenerji.com.tr\/wp-content\/uploads\/2026\/03\/DOHA-768x453.jpg 768w, https:\/\/www.megaserenerji.com.tr\/wp-content\/uploads\/2026\/03\/DOHA.jpg 1028w\" sizes=\"(max-width: 800px) 100vw, 800px\" \/>\t\t\t\t\t\t\t\t\t\t\t\t\t\t\t<\/div>\n\t\t\t\t<\/div>\n\t\t\t\t<\/div>\n\t\t\t\t\t<\/div>\n\t\t<\/div>\n\t\t\t\t\t\t<\/div>\n\t\t\t\t\t<\/div>\n\t\t\t\t<\/div>\n\t\t\t\t<\/div>\n\t\t","protected":false},"excerpt":{"rendered":"<p>ALMANYA T\u00dcRKMEN\u0130STAN KATAR<\/p>\n","protected":false},"author":1,"featured_media":0,"parent":0,"menu_order":0,"comment_status":"closed","ping_status":"closed","template":"","meta":{"_joinchat":[],"footnotes":""},"class_list":["post-440","page","type-page","status-publish","hentry"],"_links":{"self":[{"href":"https:\/\/www.megaserenerji.com.tr\/index.php\/wp-json\/wp\/v2\/pages\/440","targetHints":{"allow":["GET"]}}],"collection":[{"href":"https:\/\/www.megaserenerji.com.tr\/index.php\/wp-json\/wp\/v2\/pages"}],"about":[{"href":"https:\/\/www.megaserenerji.com.tr\/index.php\/wp-json\/wp\/v2\/types\/page"}],"author":[{"embeddable":true,"href":"https:\/\/www.megaserenerji.com.tr\/index.php\/wp-json\/wp\/v2\/users\/1"}],"replies":[{"embeddable":true,"href":"https:\/\/www.megaserenerji.com.tr\/index.php\/wp-json\/wp\/v2\/comments?post=440"}],"version-history":[{"count":19,"href":"https:\/\/www.megaserenerji.com.tr\/index.php\/wp-json\/wp\/v2\/pages\/440\/revisions"}],"predecessor-version":[{"id":701,"href":"https:\/\/www.megaserenerji.com.tr\/index.php\/wp-json\/wp\/v2\/pages\/440\/revisions\/701"}],"wp:attachment":[{"href":"https:\/\/www.megaserenerji.com.tr\/index.php\/wp-json\/wp\/v2\/media?parent=440"}],"curies":[{"name":"wp","href":"https:\/\/api.w.org\/{rel}","templated":true}]}}